?
8
What is the tens digit of 14285?
8
What is the hundreds digit of 3450?
4
What is the tens digit of 6278?
7
What is the thousands digit of 1081?
1
What is the tens digit of 70565?
6
What is the hundreds digit of 143027?
0
What is the tens digit of 2334?
3
What is the hundreds digit of 11752?
7
What is the tens digit of 205?
0
What is the thousands digit of 6464?
6
What is the tens digit of 1550?
5
What is the thousands digit of 6197?
6
What is the hundreds digit of 5830?
8
What is the units digit of 119477?
7
What is the ten thousands digit of 144960?
4
What is the thousands digit of 4288?
4
What is the units digit of 1155?
5
What is the units digit of 15384?
4
What is the ten thousands digit of 105069?
0
What is the units digit of 652?
2
What is the thousands digit of 1034?
1
What is the ten thousands digit of 13186?
1
What is the tens digit of 1724?
2
What is the thousands digit of 18122?
8
What is the tens digit of 1453?
5
What is the units digit of 1476?
6
What is the tens digit of 1559?
5
What is the hundreds digit of 16373?
3
What is the thousands digit of 2461?
2
What is the units digit of 7251?
1
What is the tens digit of 8272?
7
What is the units digit of 635?
5
What is the tens digit of 1242?
4
What is the thousands digit of 30748?
0
What is the hundreds digit of 468?
4
What is the units digit of 7529?
9
What is the ten thousands digit of 12076?
1
What is the hundreds digit of 5672?
6
What is the thousands digit of 42633?
2
What is the units digit of 5752?
2
What is the hundreds digit of 203?
2
What is the ten thousands digit of 13794?
1
What is the thousands digit of 6731?
6
What is the hundreds digit of 6321?
3
What is the hundreds digit of 1345?
3
What is the tens digit of 690?
9
What is the hundreds digit of 16983?
9
What is the ten thousands digit of 15105?
1
What is the hundreds digit of 316?
3
What is the hundreds digit of 1066?
0
What is the thousands digit of 26297?
6
What is the units digit of 255?
5
What is the units digit of 8450?
0
What is the hundred thousands digit of 138599?
1
What is the hundreds digit of 177?
1
What is the tens digit of 25169?
6
What is the thousands digit of 112512?
2
What is the thousands digit of 5897?
5
What is the hundreds digit of 1132?
1
What is the hundreds digit of 179?
1
What is the thousands digit of 2864?
2
What is the hundreds digit of 89785?
7
What is the tens digit of 7783?
8
What is the hundreds digit of 9491?
4
What is the thousands digit of 12152?
2
What is the hundreds digit of 5214?
2
What is the thousands digit of 5415?
5
What is the hundreds digit of 1178?
1
What is the tens digit of 22341?
4
What is the hundreds digit of 1990?
9
What is the hundreds digit of 6180?
1
What is the tens digit of 33369?
6
What is the tens digit of 2138?
3
What is the units digit of 83406?
6
What is the tens digit of 18368?
6
What is the tens digit of 602?
0
What is the hundreds digit of 30192?
1
What is the thousands digit of 90120?
0
What is the hundreds digit of 66779?
7
What is the hundreds digit of 26148?
1
What is the hundreds digit of 2349?
3
What is the thousands digit of 3916?
3
What is the tens digit of 30864?
6
What is the hundreds digit of 46995?
9
What is the hundreds digit of 7327?
3
What is the units digit of 4649?
9
What is the units digit of 3918?
8
What is the units digit of 368?
8
What is the ten thousands digit of 34978?
3
What is the units digit of 11769?
9
What is the units digit of 3142?
2
What is the tens digit of 684?
8
What is the tens digit of 3134?
3
What is the units digit of 354?
4
What is the hundreds digit of 43813?
8
What is the thousands digit of 1790?
1
What is the units digit of 4784?
4
What is the tens digit of 103802?
0
What is the ten thousands digit of 13126?
1
What is the hundreds digit of 51583?
5
What is the tens digit of 5289?
8
What is the tens digit of 1594?
9
What is the tens digit of 140776?
7
What is the tens digit of 2140?
4
What is the units digit of 2137?
7
What is the units digit of 374?
4
What is the thousands digit of 4249?
4
What is the units digit of 1449?
9
What is the units digit of 958?
8
What is the thousands digit of 4426?
4
What is the hundreds digit of 3575?
5
What is the hundreds digit of 986?
9
What is the hundreds digit of 38583?
5
What is the hundred thousands digit of 106763?
1
What is the units digit of 371?
1
What is the hundreds digit of 18201?
2
What is the hundreds digit of 165575?
5
What is the thousands digit of 87515?
7
What is the hundreds digit of 549?
5
What is the hundreds digit of 4503?
5
What is the tens digit of 13282?
8
What is the units digit of 19273?
3
What is the units digit of 4871?
1
What is the units digit of 25975?
5
What is the units digit of 6635?
5
What is the units digit of 80097?
7
What is the thousands digit of 4758?
4
What is the thousands digit of 6123?
6
What is the tens digit of 94?
9
What is the thousands digit of 12209?
2
What is the tens digit of 16772?
7
What is the tens digit of 4259?
5
What is the tens digit of 41070?
7
What is the thousands digit of 3022?
3
What is the hundreds digit of 17550?
5
What is the units digit of 41820?
0
What is the units digit of 1324?
4
What is the ten thousands digit of 33583?
3
What is the thousands digit of 2725?
2
What is the hundreds digit of 847?
8
What is the units digit of 9901?
1
What is the units digit of 29107?
7
What is the tens digit of 479?
7
What is the ten thousands digit of 17628?
1
What is the units digit of 12834?
4
What is the tens digit of 9009?
0
What is the ten thousands digit of 10966?
1
What is the units digit of 5439?
9
What is the hundreds digit of 964?
9
What is the hundreds digit of 39084?
0
What is the tens digit of 28471?
7
What is the units digit of 22206?
6
What is the hundreds digit of 108146?
1
What is the ten thousands digit of 27865?
2
What is the hundreds digit of 7524?
5
What is the ten thousands digit of 70341?
7
What is the thousands digit of 27343?
7
What is the thousands digit of 2233?
2
What is the units digit of 22090?
0
What is the thousands digit of 169856?
9
What is the hundreds digit of 3384?
3
What is the units digit of 18955?
5
What is the ten thousands digit of 50255?
5
What is the hundreds digit of 998?
9
What is the units digit of 10067?
7
What is the tens digit of 1531?
3
What is the ten thousands digit of 22406?
2
What is the tens digit of 12396?
9
What is the thousands digit of 4563?
4
What is the tens digit of 1087?
8
What is the units digit of 1745?
5
What is the units digit of 7358?
8
What is the hundreds digit of 1592?
5
What is the hundreds digit of 1756?
7
What is the ten thousands digit of 152543?
5
What is the hundreds digit of 1357?
3
What is the hundreds digit of 127535?
5
What is the thousands digit of 2331?
2
What is the hundreds digit of 1307?
3
What is the thousands digit of 1143?
1
What is the units digit of 779?
9
What is the units digit of 23363?
3
What is the tens digit of 6978?
7
What is the tens digit of 10560?
6
What is the units digit of 1672?
2
What is the tens digit of 2807?
0
What is the units digit of 25329?
9
What is the thousands digit of 7965?
7
What is the tens digit of 6288?
8
What is the units digit of 343?
3
What is the tens digit of 369?
6
What is the tens digit of 1454?
5
What is the units digit of 1494?
4
What is the units digit of 7915?
5
What is the thousands digit of 11105?
1
What is the ten thousands digit of 25893?
2
What is the hundreds digit of 1031?
0
What is the ten thousands digit of 67373?
6
What is the units digit of 7719?
9
What is the units digit of 826?
6
What is the tens digit of 372?
7
What is the hundreds digit of 82893?
8
What is the thousands digit of 2527?
2
What is the units digit of 2361?
1
What is the ten thousands digit of 12975?
1
What is the hundreds digit of 53147?
1
What is the units digit of 20056?
6
What is the thousands digit of 97659?
7
What is the units digit of 52005?
5
What is the hundreds digit of 55443?
4
What is the thousands digit of 2384?
2
What is the hundreds digit of 7911?
9
What is the tens digit of 3853?
5
What is the hundreds digit of 3627?
6
What is the hundreds digit of 776?
7
What is the units digit of 81355?
5
What is the units digit of 3378?
8
What is the hundreds digit of 59847?
8
What is the tens digit of 5377?